hen 73 is divided by c*3/6 + (-48)/(-2).
7
Suppose -5*q + 144 = 3*d, 0 + 36 = q + 3*d. Suppose -11*s = -0*s + 3135. Let u = s - -289. Calculate the remainder when q is divided by u.
3
Calculate the remainder when 1217 is divided by ((-33052)/(-420) + 22/(-231))/(1/5).
38
Suppose 104*j = 276*j - 155488. What is the remainder when j is divided by 312?
280
Suppose -132*t - 22*t + 3753 = -15*t. What is the remainder when 71 is divided by t?
17
Suppose 16 = 2*d - 4*u, -6*d + 5*u + 40 = -1. What is the remainder when 2927 is divided by d?
5
Let n be 4/6 - 46/69. Let f(x) = x**3 - x**2 + x + 22. What is the remainder when 263 is divided by f(n)?
21
Let t(r) = -r**3 + 18*r**2 - 17*r + 15. Let z be t(17). Suppose z*a = -9*a + 1512. Suppose 30 - 8 = 2*w. Calculate the remainder when a is divided by w.
8
Let c(l) = -3*l**2 - l. Let k be c(-1). Let i(y) = -3*y - 11. Let r be i(k). Calculate the remainder when (-118)/(-2) - r/25*0 is divided by 6.
5
Let n = -8149 - -9463. What is the remainder when n is divided by 30?
24
Let v = 15 + -11. Suppose 0 = -v*q - 0*q + 48. Let d(l) = -3*l**2 + 53*l + 39. Calculate the remainder when d(18) is divided by q.
9
Calculate the remainder when 4464 is divided by 5*1/(-2)*(-6862)/365.
46
Let g(l) = 2*l**2 + 35. Let c be g(7). Suppose 153 = d - 9*y + 14*y, -c = -d + 5*y. Calculate the remainder when d is divided by 12.
11
Let h = 121 - -4. Let c = 136 - h. What is the remainder when c is divided by 1 - (1*-15)/3?
5
Suppose 9854*t + 82 = 9856*t. What is the remainder when 323 is divided by t?
36
Let x(h) = h**3 + 2*h**2 - h + 155. Let b be x(0). Suppose 175 = a + b. Calculate the remainder when 39 is divided by a.
19
Let b(y) = 19*y - 8. Let c be b(-16). Let l = 462 + c. Let u(m) = m**2 - 16*m + 82. Calculate the remainder when l is divided by u(9).
17
Let q be 246/22 - ((-16)/(-44))/2. Suppose -26 = q*p - 114. Suppose 10*o = p*o + 2. What is the remainder when 1 is divided by o?
0
Suppose 5*o - h - 2*h = -1309, 10 = -5*h. Let u = o - -278. What is the remainder when 357 is divided by u?
12
Suppose -5*m + 16643 = -4*w, -2*m = -4*m - 4*w + 6674. Let v = m - 2221. Calculate the remainder when 38 is divided by v/80 - 1/(-8).
10
Calculate the remainder when 15 is divided by (1924/(-185) + 9*1)*-5.
1
Suppose 0 = -5*g - 2*f + 1412, 2*f + 589 + 819 = 5*g. Let a = -276 + g. Calculate the remainder when 62 is divided by a.
2
What is the remainder when 620 - (2/(-8))/(1/44) is divided by 32?
23
Let k(d) = 9*d - 349. Let v be k(39). Suppose -4*u - 5*h + 471 = 0, 183 + 56 = v*u - h. What is the remainder when u is divided by 35?
14
Suppose 0 = -3*g + 14 + 247. Let w(i) = 10*i**2 + 282*i - 522. Calculate the remainder when g is divided by w(-30).
15
Suppose -2*f - 23 = -5*t, -12 = -2*t - 5*f + 3*f. Suppose 0 = -37*j + 76*j - 780. Calculate the remainder when j is divided by t.
0
What is the remainder when 0 - (-2)/(-5) - 111360/(-400) is divided by 13?
5
Let z(q) = q**2 - 6*q + 16. Let a be z(4). Suppose 157 + 219 = a*p. What is the remainder when p is divided by 8?
7
Let k = 90539 + -90535. Let m = 69 + -41. Calculate the remainder when m is divided by k.
0
Suppose 4*d - 177 = i, -2*d - 52 + 143 = -3*i. Let k = -256 - -453. Suppose x = k - 25. What is the remainder when x is divided by d?
40
Let s(j) = j**2 + 70*j + 1751. What is the remainder when s(-21) is divided by 10?
2
Calculate the remainder when (-2)/(-26) + (-9005496)/(-8034) is divided by 37.
11
Suppose 6*f - f = 230. Let t(y) = -y**3 + 32*y**2 - 31*y + 7. Calculate the remainder when f is divided by t(31).
4
Let v(s) = -s**3 + 8*s**2 - 16*s + 5. Let r be v(4). Let h = 983 - 486. Suppose r*u = 773 + h. What is the remainder when u is divided by 16?
14
Let j = 375 + -392. Let m(y) = -4*y - 52. Calculate the remainder when 119 is divided by m(j).
7
Suppose 0 = -2*t + t + 62. Let b = -134 + 205. Suppose 292 = 17*v + b. Calculate the remainder when t is divided by v.
10
Let z = 1667 + -1434. Suppose 0 = -t + 4*x + 31 + 8, 225 = 5*t - 5*x. What is the remainder when z is divided by t?
45
Let i be 6/(-14) + (-51)/(-21). Suppose -2*g = -12 - i. What is the remainder when g is divided by (-126)/(-27) - ((-2)/(-3) - 1)?
2
Let q(l) be the first derivative of -l**2 + 30*l + 12. Calculate the remainder when q(-9) is divided by (4/8 - (-4)/(-4))*-34.
14
Suppose -56*m + 45760 = 48*m. Calculate the remainder when 450 is divided by m.
10
Let u be (6*312/90)/((-1)/10). Let i = u + 374. Calculate the remainder when i is divided by 56.
54
Let j be 1/((45/(-170))/9). Calculate the remainder when 59 is divided by j/(-17)*(-2)/4*-38.
21
Let k be (-19 + 15)*1/4. Let w(i) = 14*i**3. Let f be w(1). Let q = k + f. What is the remainder when 34 is divided by q?
8
Suppose 280 = 21*p - 13*p. Calculate the remainder when (3 + 12/(-28))/((-9)/(-462)) is divided by p.
27
Let d(w) = -10 + 3*w**2 + 7 - 1 + 5 - 45*w. Let n be d(15). Calculate the remainder when 30 is divided by 15*n - (30/(-5))/6.
14
Suppose 16*s - 24*s + 72 = 0. What is the remainder when 46 is divided by (-66)/s*(-360)/220?
10
Let l = -77 + 134. Suppose 11 - 256 = 7*t. Let p = t + l. What is the remainder when p is divided by 13?
9
Suppose -408 + 845 = 43*o - 1025. Calculate the remainder when 2917 is divided by o.
27
Let a(t) = -8*t - 4. Let q(s) = s**2 - s + 4. Let d be q(0). Suppose d*w + 0*w + k - 143 = 0, 3*k + 96 = 3*w. What is the remainder when a(-9) is divided by w?
33
Let g(y) = y**2 + 7*y. Let v be g(-7). Let d(m) = -m**3 + 28. Calculate the remainder when (115/(-69))/((-10)/492) is divided by d(v).
26
Suppose -109*w + 573 + 745 + 1189 = 0. What is the remainder when w is divided by 9?
5
Suppose -6*k + 4080 = 4*k. Let t = k + -97. What is the remainder when t is divided by 78?
77
Suppose 0 = -2*d - 4*p - 299 + 1191, -2262 = -5*d - 2*p. Let a = d + -405. Calculate the remainder when 243 is divided by a.
47
Suppose 3*k + b = 3*b + 26, 70 = 5*k + 2*b. Calculate the remainder when 157 is divided by k.
1
Suppose 7*t - 2*b - 48 = 2*t, -4*b = t + 8. Suppose -2*y - k + 116 = -4*k, -4*y + k + 232 = 0. Calculate the remainder when y is divided by 0/3 + -4 + 200/t.
16
Suppose 0 = -9*c + 12*c + 12. Let z be (1 + c + 0)*-1. Suppose -z*t - 5*x = -120 + 1, -5*t = -2*x - 188. What is the remainder when t is divided by 21?
17
Suppose -33*g - 11*g = -3344 - 2728. Calculate the remainder when g is divided by 99.
39
Let v be (8/(-10) + 10/(-50))*-26. Calculate the remainder when 98 is divided by 4 + (-2625)/(-91) + 4/v.
32
Let r = 7511 - -6190. What is the remainder when r is divided by 34?
33
Suppose 2*l - 107 = -j, -22*l - 297 = -3*j - 16*l. What is the remainder when j is divided by 52?
51
Let l be (1 - -2) + (-128)/(-24)*3. Suppose l*k - 1579 = 1917. Calculate the remainder when k is divided by 63.
58
Let s(d) = -2*d + 23. Suppose 2*c - 63 = -5*b, 3*c - 40 = -3*b + 5. Let o = -4 + b. What is the remainder when s(o) is divided by 4?
1
What is the remainder when 2835 is divided by 3 + 14760/117 - (-4)/(-26)?
126
Let f(r) = r**3 + 28*r**2 - 6*r + 117. Let s be (-1584)/56 - 12/(-42). What is the remainder when f(s) is divided by 32?
29
Let d = -1269 + 1418. What is the remainder when d is divided by 50?
49
Let x(c) = -96*c**3 + 4*c**2 + 4*c - 6. Calculate the remainder when x(-2) is divided by 42.
14
Calculate the remainder when 626 is divided by (-1834)/(-16) - 1/((-56)/21).
51
Suppose -2*p - c = 1251 - 225, 2*p - 5*c = -1014. Let u = p - -525. Calculate the remainder when 32 is divided by u.
6
Let t(n) = 45*n**2. Let q be t(-1). Let i be 6*(33/22)/3. Suppose -4*h = -i*v + 156, -v = 3*h - 2*h - q. Calculate the remainder when v is divided by 17.
14
Suppose -6 - 40 = -2*a. Let y = a + -21. Suppose 18*s + 12*s - 90 = 0. What is the remainder when s is divided by y?
1
Let n be (-7)/(-21) + -2 + (-5530)/(-6). Suppose 0*b - n = -4*b. Suppose t + 4 = 0, b = 6*v - v - 5*t. What is the remainder when v is divided by 9?
6
Let w(g) = -g**3 - 9*g**2 - 12*g - 28. Let u be w(-8). Suppose 0 = -v - u, 6*z - 3*v = 9*z - 192. What is the remainder when z is divided by 23?
22
Let u = 115 + -110. Suppose l = u*t - 7, -1 - 8 = -3*l. What is the remainder when 18 is divided by t?
0
Suppose -36 = -103*n + 102*n. Let h(b) = b**2 - 34*b + 31. What is the remainder wh